t common divisor of 848 and 45739?
53
Calculate the greatest common factor of 24 and 426448.
8
What is the highest common factor of 4650 and 52545?
465
What is the greatest common factor of 62919 and 21?
3
Calculate the greatest common factor of 339528 and 34968.
1128
What is the greatest common divisor of 418 and 1329658?
418
Calculate the greatest common factor of 408276 and 528.
132
What is the greatest common divisor of 224048 and 247?
19
What is the greatest common divisor of 65328 and 18?
6
Calculate the greatest common factor of 67 and 29413.
67
Calculate the greatest common factor of 18148 and 2587.
13
Calculate the greatest common divisor of 664 and 869840.
664
Calculate the greatest common divisor of 30 and 119690.
10
What is the highest common factor of 854 and 26413?
61
What is the highest common factor of 1128 and 2112?
24
Calculate the highest common divisor of 24872 and 72.
8
What is the highest common divisor of 198800 and 420?
140
Calculate the greatest common divisor of 6913 and 1519.
31
What is the highest common divisor of 140 and 144970?
70
What is the greatest common factor of 4448 and 76512?
32
Calculate the greatest common divisor of 422480 and 20.
20
Calculate the greatest common divisor of 39450 and 66.
6
What is the highest common factor of 40999 and 14?
7
Calculate the greatest common divisor of 672 and 135156.
84
What is the highest common divisor of 1714 and 92?
2
What is the greatest common factor of 475 and 129903?
19
What is the greatest common factor of 14580 and 900?
180
What is the highest common divisor of 1024 and 2416?
16
What is the greatest common factor of 1848 and 1652?
28
Calculate the highest common factor of 92300 and 568.
284
What is the greatest common divisor of 386435 and 854?
427
Calculate the greatest common divisor of 714720 and 768.
96
Calculate the greatest common factor of 54067 and 13.
13
What is the highest common factor of 548522 and 13?
13
Calculate the greatest common factor of 7826 and 166023.
559
Calculate the highest common factor of 130329 and 243.
81
What is the greatest common divisor of 1061 and 2?
1
What is the greatest common factor of 1068267 and 801?
267
What is the highest common factor of 60325 and 325?
25
Calculate the highest common factor of 103088 and 5984.
272
Calculate the greatest common factor of 20927 and 425.
17
Calculate the highest common divisor of 39995 and 95.
95
What is the highest common divisor of 31005 and 53?
53
Calculate the greatest common divisor of 42670 and 5440.
170
What is the highest common divisor of 1178 and 6262?
62
What is the greatest common divisor of 187098 and 30?
6
Calculate the highest common divisor of 124 and 589.
31
What is the greatest common factor of 3536 and 64?
16
Calculate the highest common divisor of 106 and 4766979.
53
Calculate the greatest common divisor of 2108 and 511717.
527
Calculate the highest common divisor of 6844 and 10.
2
Calculate the greatest common factor of 514848 and 6200.
248
What is the greatest common divisor of 272 and 11252?
4
What is the highest common divisor of 53010 and 1494?
18
What is the highest common factor of 19740 and 532?
28
What is the highest common factor of 574 and 7467166?
574
Calculate the highest common factor of 114 and 271.
1
Calculate the highest common divisor of 835142 and 7.
7
What is the greatest common divisor of 276 and 222088?
92
Calculate the highest common divisor of 64 and 2369536.
64
Calculate the greatest common divisor of 3311 and 3619.
77
Calculate the highest common divisor of 1790 and 59965.
895
What is the highest common divisor of 150136 and 1680?
56
Calculate the greatest common divisor of 40359 and 99.
33
Calculate the greatest common divisor of 7303 and 10787.
67
Calculate the highest common factor of 1087720 and 2130.
710
Calculate the greatest common factor of 48564 and 152.
76
What is the highest common factor of 47330 and 150?
10
What is the highest common divisor of 119088 and 2304?
144
Calculate the highest common divisor of 10456 and 168.
8
Calculate the highest common factor of 24386 and 5206.
274
What is the highest common divisor of 1820 and 18193?
7
What is the highest common divisor of 30 and 5415?
15
What is the highest common factor of 304093 and 71?
71
Calculate the greatest common divisor of 92950 and 1014.
338
What is the highest common factor of 812367 and 9?
9
Calculate the highest common factor of 13736 and 11016.
136
Calculate the greatest common factor of 1276 and 5038.
22
What is the greatest common factor of 77091 and 42?
21
Calculate the greatest common factor of 265920 and 840.
120
Calculate the highest common factor of 1548 and 2097.
9
Calculate the highest common factor of 6880 and 256.
32
What is the highest common factor of 3224448 and 1944?
648
What is the highest common divisor of 63349 and 26?
13
Calculate the greatest common divisor of 12124 and 28.
28
Calculate the greatest common factor of 2064 and 3216.
48
Calculate the greatest common factor of 110911 and 394.
197
Calculate the highest common factor of 604 and 214873.
151
Calculate the highest common divisor of 11124336 and 1128.
1128
What is the greatest common factor of 9494 and 1717?
101
Calculate the highest common divisor of 402 and 718374.
402
Calculate the greatest common factor of 40976 and 988.
52
Calculate the highest common divisor of 12375 and 891.
99
Calculate the highest common divisor of 14040093 and 2238.
1119
What is the highest common divisor of 2691 and 1989?
117
What is the greatest common factor of 1200064 and 68?
68
Calculate the highest common factor of 288503 and 2369.
103
What is the highest common factor of 30969 and 2232?
279
Calculate the highest common factor of 52 and 7306.
26
What is the highest common factor of 249817 and 262?
131
Calculate the greatest common divisor of 65 and 351710.
5
Calculate the highest common divisor of 170 and 649655.
85
Calculate the greatest common divisor of 7718 and 65830.
454
Calculate the greatest common factor of 3256830 and 18.
18
Calculate the highest common factor of 22 and 9737222.
22
What is the highest common factor of 506 and 239558?
22
Calculate the greatest common divisor of 3 and 865167.
3
Calculate the highest common divisor of 98 and 4578.
14
What is the highest common factor of 3363 and 4731?
57
What is the highest common divisor of 379566 and 33?
33
What is the highest common divisor of 66445 and 274?
137
What is the greatest common divisor of 54297 and 9?
9
Calculate the highest common divisor of 170010 and 288.
18
Calculate the greatest common factor of 28605 and 75.
15
What is the greatest common divisor of 187492 and 76?
76
Calculate the highest common divisor of 70317 and 351.
117
Calculate the greatest common factor of 28 and 45157.
7
Calculate the greatest common divisor of 2686 and 35326.
34
What is the greatest common factor of 1296 and 15840?
144
What is the greatest common divisor of 39 and 13715?
13
Calculate the highest common divisor of 5 and 166335.
5
What is the highest common divisor of 196 and 2806692?
28
Calculate the greatest common divisor of 11 and 142483.
11
Calculate the highest common divisor of 11518 and 442.
26
What is the highest common divisor of 272484 and 1728?
108
What is the highest common divisor of 2 and 1648466?
2
What is the greatest common factor of 315 and 8003835?
315
Calculate the greatest common divisor of 10008 and 18626.
278
What is the greatest common factor of 638 and 95062?
638
What is the highest common divisor of 4774 and 124?
62
What is the greatest common divisor of 3097 and 509049?
163
What is the greatest common factor of 650240 and 3520?
320
Calculate the greatest common divisor of 1764 and 1076922.
882
Calculate the highest common factor of 2372497 and 446.
223
Calculate the highest common divisor of 55636 and 28.
28
What is the highest common factor of 4446 and 16758?
342
Calculate the greatest common factor of 407211 and 21.
21
Calculate the greatest common divisor of 222 and 484108.
74
Calculate the greatest common divisor of 135 and 6183.
27
Calculate the greatest common divisor of 6308 and 4066.
38
Calculate the greatest common factor of 324 and 6723.
81
Calculate the greatest common factor of 8 and 6928.
8
Calculate the highest c